{"id":119,"date":"2020-03-13T19:48:48","date_gmt":"2020-03-13T18:48:48","guid":{"rendered":"https:\/\/biadene.it\/?page_id=119"},"modified":"2020-03-18T00:16:05","modified_gmt":"2020-03-17T23:16:05","slug":"elementari","status":"publish","type":"page","link":"https:\/\/www.biadene.it\/?page_id=119","title":{"rendered":"Elementari"},"content":{"rendered":"\t\t<div data-elementor-type=\"wp-page\" data-elementor-id=\"119\" class=\"elementor elementor-119\">\n\t\t\t\t\t\t<section class=\"elementor-section elementor-top-section elementor-element elementor-element-c225570 elementor-section-boxed elementor-section-height-default elementor-section-height-default\" data-id=\"c225570\" data-element_type=\"section\" data-e-type=\"section\">\n\t\t\t\t\t\t<div class=\"elementor-container elementor-column-gap-default\">\n\t\t\t\t\t<div class=\"elementor-column elementor-col-100 elementor-top-column elementor-element elementor-element-344f8af\" data-id=\"344f8af\" data-element_type=\"column\" data-e-type=\"column\">\n\t\t\t<div class=\"elementor-widget-wrap elementor-element-populated\">\n\t\t\t\t\t\t<div class=\"elementor-element elementor-element-30457d8 elementor-widget elementor-widget-heading\" data-id=\"30457d8\" data-element_type=\"widget\" data-e-type=\"widget\" data-widget_type=\"heading.default\">\n\t\t\t\t<div class=\"elementor-widget-container\">\n\t\t\t\t\t<h1 class=\"elementor-heading-title elementor-size-default\">Elementari<\/h1>\t\t\t\t<\/div>\n\t\t\t\t<\/div>\n\t\t\t\t<div class=\"elementor-element elementor-element-be63597 elementor-widget elementor-widget-text-editor\" data-id=\"be63597\" data-element_type=\"widget\" data-e-type=\"widget\" data-widget_type=\"text-editor.default\">\n\t\t\t\t<div class=\"elementor-widget-container\">\n\t\t\t\t\t\t\t\t\t<p>Nella comunit\u00e0 i&nbsp;genitori sono i primi educatori alla fede e alla vita cristiana dei figli. Le catechiste accompagnano e affiancano i genitori in questo cammino.<\/p>\n<p>I gruppi di catechesi delle elementari si ritrovano al mercoled\u00ec dalle ore 14.30 alle 15.30 nei locali dell\u2019oratorio parrocchiale<\/p>\n<p>C\u2019\u00e8 un legame forte tra catechesi e S. Messa domenicale, che sempre pi\u00f9 vorremmo saldare perch\u00e9 alle parole della fede facciano seguito i fatti della celebrazione.<\/p>\n<p><em>\u00c8 importante che i nostri figli non siano lasciati mai soli nel loro cammino di fede, per questo durante l\u2019anno&nbsp;proponiamo ai genitori&nbsp;&nbsp;<strong>alcuni momenti di incontro e di confronto.<\/strong><\/em><\/p>\t\t\t\t\t\t\t\t<\/div>\n\t\t\t\t<\/div>\n\t\t\t\t\t<\/div>\n\t\t<\/div>\n\t\t\t\t\t<\/div>\n\t\t<\/section>\n\t\t\t\t<\/div>\n\t\t","protected":false},"excerpt":{"rendered":"<p>Elementari Nella comunit\u00e0 i&nbsp;genitori sono i primi educatori alla fede e alla vita cristiana dei figli. Le catechiste accompagnano e affiancano i genitori in questo cammino. I gruppi di catechesi delle elementari si ritrovano al mercoled\u00ec dalle ore 14.30 alle 15.30 nei locali dell\u2019oratorio parrocchiale C\u2019\u00e8 un legame forte tra catechesi e S. Messa domenicale, &#8230; <a title=\"Elementari\" class=\"read-more\" href=\"https:\/\/www.biadene.it\/?page_id=119\" aria-label=\"Leggi di pi\u00f9 su Elementari\">Leggi tutto<\/a><\/p>\n","protected":false},"author":1,"featured_media":0,"parent":0,"menu_order":0,"comment_status":"closed","ping_status":"closed","template":"","meta":{"footnotes":""},"class_list":["post-119","page","type-page","status-publish"],"_links":{"self":[{"href":"https:\/\/www.biadene.it\/index.php?rest_route=\/wp\/v2\/pages\/119","targetHints":{"allow":["GET"]}}],"collection":[{"href":"https:\/\/www.biadene.it\/index.php?rest_route=\/wp\/v2\/pages"}],"about":[{"href":"https:\/\/www.biadene.it\/index.php?rest_route=\/wp\/v2\/types\/page"}],"author":[{"embeddable":true,"href":"https:\/\/www.biadene.it\/index.php?rest_route=\/wp\/v2\/users\/1"}],"replies":[{"embeddable":true,"href":"https:\/\/www.biadene.it\/index.php?rest_route=%2Fwp%2Fv2%2Fcomments&post=119"}],"version-history":[{"count":2,"href":"https:\/\/www.biadene.it\/index.php?rest_route=\/wp\/v2\/pages\/119\/revisions"}],"predecessor-version":[{"id":407,"href":"https:\/\/www.biadene.it\/index.php?rest_route=\/wp\/v2\/pages\/119\/revisions\/407"}],"wp:attachment":[{"href":"https:\/\/www.biadene.it\/index.php?rest_route=%2Fwp%2Fv2%2Fmedia&parent=119"}],"curies":[{"name":"wp","href":"https:\/\/api.w.org\/{rel}","templated":true}]}}